 divisor of 1 and r?
1
Let h(b) be the second derivative of -4*b**3/3 + 4*b**2 + 5*b. Let g be h(-8). Suppose 5*n - 17 = 28. Calculate the highest common divisor of n and g.
9
Let i = 5 + 0. Suppose -19 - 1 = -i*z. Suppose -23 - 25 = -z*h. What is the greatest common divisor of 12 and h?
12
Let c = 2 - -8. Let g = 204 + -199. What is the greatest common factor of c and g?
5
Suppose -5*j + 2*f + 78 = 0, -14 = 4*j + 5*f - 50. Let v be (152 - (-1 - -2)) + 3. What is the greatest common factor of v and j?
14
Let b = -26 + 50. Calculate the highest common divisor of b and 3.
3
Suppose -4*p = -4*x - 5*p + 48, 5*x - 60 = -p. Suppose 0 = -2*a + 69 - 9. Calculate the greatest common divisor of x and a.
6
Suppose -106 = -5*a - 2*c, 3*a + 4*c - 72 = -0*c. What is the highest common divisor of a and 20?
20
Let t(y) = -y - 2. Let a be t(-5). Suppose 5*s + 42 = a*u, u + s + 14 = 2*u. Suppose -3*q - 3 = -45. Calculate the highest common divisor of q and u.
14
Let k(j) = -115*j + 1. Let v be k(-1). Suppose -3*w + v = -w. Suppose 3*r - w - 47 = 0. What is the highest common divisor of 14 and r?
7
Let z(w) = w**3 + w**2 - w. Let v be z(-1). Let i(l) = 6*l. Let t be i(v). Let s be 2/(3 - 14/t). What is the highest common factor of s and 9?
3
Let l = 7 + 0. What is the highest common factor of l and 56?
7
Let b be (-4 - -3) + 14 + 2. Calculate the greatest common factor of b and 10.
5
Suppose 3*s = -0*s - 432. Let y = s + 252. What is the highest common factor of 18 and y?
18
Let t be 2 + -4 - -8 - -1. Suppose -3*y + t*y = 4. Calculate the greatest common factor of y and 4.
1
Let b be (2/3)/(2/18). Let t = 63 - 25. Let o be t - -3 - (-2 - -1). What is the greatest common factor of b and o?
6
Let d(b) = b**3 + 10*b**2 + 10*b + 5. Let s be d(-8). Let h = s + 73. What is the greatest common factor of h and 14?
14
Let b(h) = 9*h**3 - 7*h - 2*h**2 + 4*h**2 + 13*h - 7*h. Let u be b(1). What is the greatest common factor of 10 and u?
10
Suppose 7*s - 4*s - 12 = l, 4*s = l + 17. Suppose -4*b + 4 = -w, -3*w - l*b + 4 = -14. What is the greatest common factor of w and 12?
4
Let i(d) = 20*d**3 - d**2. Let w be i(1). Suppose -j = -w - 21. Suppose a - 79 = -4*a - q, 3*a - 44 = -4*q. What is the highest common factor of j and a?
8
Suppose 4*d - 4 = 2*l, 0*d + 15 = 5*d. What is the highest common divisor of 20 and l?
4
Suppose -3*i = 38 - 56. Suppose 0 = -2*b + b + 12. Calculate the greatest common divisor of i and b.
6
Suppose 4*i + 92 = -0*i - 5*c, -2*i = 2*c + 44. Let x be ((-5)/(-2))/((-1)/i). What is the highest common divisor of x and 5?
5
Let c be (-25)/(-20) + 2/(-8). Let k be (-250)/(-2) + 2 + c. What is the greatest common factor of 16 and k?
16
Let l be 1/3 - 118/(-6). Suppose -x = 2 - l. Calculate the greatest common divisor of 18 and x.
18
Let p(w) = 29*w + 1. Let x be p(3). Calculate the highest common factor of x and 8.
8
Let k(b) = 7*b - 4. Let g be (-12)/21 - (-64)/14. Let t be k(g). What is the greatest common divisor of 120 and t?
24
Suppose -3*f = 4*d - 20 + 3, 3*f + 15 = 0. Calculate the greatest common factor of d and 80.
8
Let g(r) = -28*r + 13. Let s be (-1)/(-3) + (-88)/12. Let l be g(s). What is the greatest common factor of 19 and l?
19
Let i be (-1)/((-3)/9)*1. Suppose d = -i*d - 12. Let o(p) = -4*p - 2. Let h be o(d). What is the highest common factor of h and 80?
10
Suppose -2*z = -5*c - z + 32, 0 = -4*c + 3*z + 19. Suppose 56 = -d + 3*d. What is the highest common divisor of c and d?
7
Let c be ((-81 + 3)/(-6))/1. What is the greatest common factor of c and 91?
13
Let v be ((-39)/(-2))/(3/6). Let s = v - 19. What is the highest common factor of s and 5?
5
Suppose -r - 1 = -10. Let f = r - 7. Calculate the greatest common factor of f and 18.
2
Suppose -5*v + 193 = 18. Let s = 85 - 71. Calculate the greatest common divisor of s and v.
7
Let l = 2 + 0. Suppose 0 = 3*q - 39 + 24. What is the greatest common factor of l and q?
1
Let n = 84 - 57. What is the greatest common divisor of 108 and n?
27
Suppose 3*k = -j + 2*j + 145, 2*j = -k + 46. Let t = -19 - -35. Calculate the highest common divisor of t and k.
16
Let r be 6/14 + 464/28. Calculate the greatest common factor of r and 119.
17
Let r(m) = 8*m - 9 - 6*m + 1. Let t be r(9). What is the greatest common divisor of 30 and t?
10
Let u(y) = y**2 - 12*y + 1. Let t be u(13). Calculate the greatest common divisor of 14 and t.
14
Suppose 5*o - 5*c + 10 = 0, -4*c + 11 + 0 = -3*o. Let j be 3*((-10)/(-2) + -2). Calculate the highest common divisor of o and j.
3
Let n = 3 + 2. Suppose -7*m - 20 = -111. Suppose n*l - x = x + m, 5*x = 5. Calculate the greatest common divisor of l and 6.
3
Let f be (((-5)/(-10))/(-1))/(3/(-660)). What is the greatest common factor of f and 10?
10
Let h be 0/(3/(6/(-4))). Suppose h = 3*r + 4 - 28. What is the greatest common factor of r and 64?
8
Let p = -15 + 10. Let g = p + 12. Let q be (-1 - 46/10)/(18/(-90)). What is the highest common divisor of g and q?
7
Let x be 2/13 + 1355/65. Let k(c) = 9*c + 6. Let g be k(6). Suppose 0 = -5*h + g + 10. What is the highest common factor of x and h?
7
Let u be 2/(-3) - 4/(-6). Suppose u = 3*y + 6 - 72. What is the highest common factor of 55 and y?
11
Let s be (1*28/16)/(2/24). Calculate the highest common factor of s and 189.
21
Let l = -2 + 4. Calculate the highest common factor of 1 and l.
1
Let v(p) = 2*p**3 + p**2 - 4*p**3 + 3 + 2*p - 3*p**2. Let k be v(-2). What is the greatest common factor of 14 and k?
7
Suppose -o + 2*o = -3*s + 25, 4*s = o + 3. Suppose -2*t + 35 = -95. What is the greatest common factor of o and t?
13
Let t = 18 + -14. Let x be (0 + 1)/((-1)/(-3)). Let n = 1 + x. Calculate the greatest common factor of t and n.
4
Let g = -4 + 6. Suppose 0 = -4*p - 4*b + 600, p - 156 = -b - g*b. Calculate the highest common factor of 21 and p.
21
Suppose -y = -o - 28, y + 20 = 2*y + o. What is the greatest common divisor of 16 and y?
8
Let t(m) = -2*m**3 - 2*m**2 + 3*m + 2. Let n be t(-2). Calculate the greatest common divisor of 20 and n.
4
Let c = 60 + -42. Suppose -2*f - n = -1 + 11, -4*f = n + c. Let i be (0 + f)*52/(-16). Calculate the highest common factor of i and 91.
13
Suppose 5*r + 5*x = 45, 1 = -r + 5*x - 8. Suppose r = f + 19. Let v = 7 - f. Calculate the greatest common factor of v and 4.
4
Let b be (-7 - -7)/(2 + -1). Let i be (2 - b)*(2 + 0). What is the greatest common factor of i and 44?
4
Suppose 1188 = 23*q - 5*q. What is the highest common divisor of 33 and q?
33
Suppose 3*v - 4*n = 14, -5 = v + n + 2. Let d be ((-2)/4)/(v/(-8)). Let f(p) = -75*p + 2. Let x be f(d). Calculate the greatest common divisor of x and 19.
19
Let l(z) = z**2 - 4*z + 6. Let a be l(4). Suppose -3*w + 45 = a. Let y = w + -8. Calculate the greatest common factor of y and 20.
5
Let l(g) = -g + 7. Let x be l(8). Let r = -7 - -18. Let w = r - x. Calculate the greatest common factor of w and 84.
12
Let g = -12 - -20. Calculate the highest common factor of 56 and g.
8
Suppose -51 - 24 = -15*q. What is the highest common factor of q and 35?
5
Let h = -71 - -143. Suppose 3*o = 4*o - h. What is the highest common divisor of 8 and o?
8
Let p be (-26*(-3)/6)/1. What is the greatest common divisor of p and 143?
13
Suppose 17 + 63 = 5*x. Let t = -328 + 332. Calculate the highest common factor of t and x.
4
Let j(o) = o**2 - 8. Let a be j(-8). Calculate the greatest common factor of a and 84.
28
Let k(r) = 2*r + 7. Let f be k(8). Let y(t) = -t**2 + 20*t - 7. Let h be (4 - 2)*11/2. Let n be y(h). Calculate the highest common factor of n and f.
23
Let c be (12/8)/3*66. Suppose z - c = -0*z. Calculate the greatest common divisor of z and 3.
3
Let s(w) = 2*w - 10. Let v be s(7). What is the greatest common factor of v and 32?
4
Suppose 4*g - 25 = -u - 5, 0 = g + 2*u - 5. Suppose 5*j - 3*a - 54 = 0, -13 = -4*a - g. Let w be (-4)/6 + 228/18. What is the greatest common factor of w and j?
12
Suppose m - 40 = -4*g + 3*m, 5*m + 10 = 0. What is the highest common factor of g and 207?
9
Let q be 351/(-52)*(0 - 8). Suppose -5*a = -7*a + 158. Let x be a/3 - (-2)/3. What is the greatest common factor of x and q?
27
Suppose c + 4*t = 25, -3*c + 4*c + 3*t - 22 = 0. Let a = 160 - 43. Calculate the highest common divisor of a and c.
13
Suppose -5*u = -2*f - 51